5*p + 245890. Determine t(-111).
25
Let z(b) = 8*b**3 - 2711*b**2 - 335*b - 732. Give z(339).
624
Let c(w) = -8*w**3 - 34*w**2 - 149*w + 1. What is c(-5)?
896
Let x(n) = 6*n**3 - 74*n**2 + 69*n - 226. Calculate x(12).
314
Let v(p) = 2*p**3 + 56*p**2 + 155*p + 3236. Determine v(-27).
509
Let r(g) = -15159*g + 97. Calculate r(0).
97
Let w(u) = -u**2 - 270*u - 3602. What is w(-14)?
-18
Let l(f) = -f**3 + 671*f**2 + 21742*f - 631. Determine l(-31).
-11
Let s(w) = -4792*w + 43164. Determine s(9).
36
Let u(x) = 4*x**2 - 73*x + 187. Give u(18).
169
Let i(t) = 2*t**2 - 5806*t + 566019. What is i(101)?
15
Let p(x) = 3179*x - 22428. Give p(7).
-175
Let s(t) = 84183*t + 3788231. Determine s(-45).
-4
Let p(f) = -f**2 + 134*f + 3400. What is p(-21)?
145
Let l(z) = 2*z**3 + 27*z**2 + 25*z + 21. Give l(-10).
471
Let h(s) = s**3 - 295*s**2 - 42529*s + 9217. Give h(401).
-6
Let c(s) = 3094*s + 287736. What is c(-93)?
-6
Let s(r) = -43370*r - 1648067. Calculate s(-38).
-7
Let s(t) = 210*t - 23921. Calculate s(114).
19
Let l(x) = -2*x**2 + 52*x + 254. Give l(32).
-130
Let s(w) = 1944869*w + 31117898. Give s(-16).
-6
Let c(j) = -10*j**2 + 31*j - 439. Calculate c(8).
-831
Let d(i) = -271*i**2 - 9770*i + 9505. What is d(-37)?
-4
Let o(i) = 13*i**3 - 58*i**2 + 104*i - 77. Determine o(2).
3
Let q(f) = -42*f + 1803. What is q(43)?
-3
Let w(s) = -19517*s - 508325. Give w(-26).
-883
Let y(g) = -163*g + 16528. What is y(103)?
-261
Let i(s) = 825*s**3 + s**2 + 50*s + 50. Calculate i(-1).
-824
Let b(j) = -3367*j + 195284. Determine b(58).
-2
Let x(h) = -151*h**2 - 2113*h - 9. Calculate x(-14).
-23
Let g(i) = 3*i**3 - 209*i**2 + 118*i + 1487. What is g(69)?
107
Let s(u) = -2*u**2 + 3072*u - 15309. Calculate s(5).
1
Let g(j) = 237*j - 538. Calculate g(2).
-64
Let t(n) = -136*n**2 - 1906*n - 150. Determine t(-14).
-122
Let b(n) = 13*n**2 - 5911*n + 47264. What is b(8)?
808
Let p(t) = 31143*t - 404862. Calculate p(13).
-3
Let o(a) = -374*a**2 - 6742*a + 8. Calculate o(-18).
188
Let q(g) = 58*g - 10136. Give q(186).
652
Let i(b) = -1648*b + 560313. What is i(340)?
-7
Let l(v) = 11*v**3 + 573*v**2 - 330*v - 20014. Give l(-52).
-150
Let c(q) = -2*q**3 - 518*q**2 + 3181*q - 81. Determine c(-265).
-346
Let y(f) = 505*f + 421. Give y(-5).
-2104
Let a(h) = h**3 - 485*h**2 + 4773*h - 3. Determine a(10).
227
Let v(g) = -3*g**3 - 183*g**2 - 266*g + 5192. Give v(-59).
0
Let l(p) = -3*p**3 + 733*p**2 - 247*p + 745. Calculate l(244).
13
Let t(k) = -k**3 + 3424*k**2 + 30898*k + 22. Determine t(-9).
13
Let m(j) = -2566*j + 255. Determine m(0).
255
Let w(f) = -1160*f - 542890. Determine w(-468).
-10
Let c(i) = i**3 - 68*i**2 - 103*i - 1322. What is c(70)?
1268
Let d(l) = -10*l**2 + 62587*l + 125198. What is d(-2)?
-16
Let a(g) = -148*g**2 - 982*g + 1588. Determine a(-8).
-28
Let g(m) = m**3 + 25*m**2 + 208*m + 695. What is g(-13)?
19
Let m(z) = 2414*z**3 + 5*z**2 + 76*z - 81. What is m(1)?
2414
Let r(l) = 88*l**2 - 4*l + 9. Give r(5).
2189
Let z(a) = -142572*a + 12261191. Determine z(86).
-1
Let m(v) = -v**3 + 63*v**2 + 67*v - 14476. Give m(60).
344
Let q(v) = -2*v**3 - 16*v**2 - 66*v - 764. Give q(-9).
-8
Let v(i) = -4*i**2 - 167*i + 217. Determine v(0).
217
Let n(f) = -f**2 - 343*f + 1155412. Determine n(917).
-8
Let g(s) = s**3 - 773*s**2 + 11320*s + 253. What is g(15)?
-497
Let a(k) = -1838*k - 91910. Give a(-50).
-10
Let s(i) = 9949*i - 626776. Give s(63).
11
Let f(j) = -16886*j - 523391. What is f(-31)?
75
Let j(x) = -652814*x - 5875328. What is j(-9)?
-2
Let a(l) = -4*l**3 - 236*l**2 - 10*l - 594. Give a(-59).
-4
Let m(v) = 3*v**2 + 4250*v - 4721348. Give m(-2149).
5
Let l(x) = -x**2 + 97*x - 1692. Determine l(23).
10
Let g(l) = 9111*l + 3972246. Give g(-436).
-150
Let d(w) = 482*w + 121. Determine d(1).
603
Let o(g) = 390*g + 139594. Calculate o(-358).
-26
Let c(x) = -11*x**2 + 475*x - 476. Give c(1).
-12
Let i(h) = -h**3 + 74*h**2 + 270*h + 268. Determine i(78).
-3008
Let t(d) = -d**3 + 815*d**2 + 9107*d + 182. Determine t(-11).
-49
Let k(i) = -i**3 + 284*i**2 - 656*i + 105510. Give k(283).
-49
Let a(s) = -37174*s - 11. Give a(0).
-11
Let d(m) = 2358*m - 844546. Calculate d(358).
-382
Let a(s) = -2*s**3 + 22*s**2 - 175*s + 1595. Calculate a(10).
45
Let i(y) = -23*y**2 + 14044*y + 5241. Give i(611).
-258
Let p(g) = 13935*g - 1407437. Give p(101).
-2
Let l(x) = x**3 - 37*x**2 + 104*x - 1169. What is l(35)?
21
Let k(z) = 263*z + 5394. Determine k(-17).
923
Let u(t) = t**3 - 20*t**2 - 4143*t - 14517. Calculate u(-53).
5
Let q(m) = 4*m**3 + 335*m**2 + 236*m - 1040. Calculate q(-83).
39
Let s(t) = 56*t**2 + 459*t + 125. Determine s(-7).
-344
Let n(m) = 14*m**3 + 50462*m + 50465. Give n(-1).
-11
Let r(a) = -44906*a**2 - 359252*a - 31. Calculate r(-8).
1
Let k(y) = 2*y**3 - 990*y**2 + 829*y + 78545. Determine k(494).
-1
Let y(i) = -41*i**3 + 4*i**2 + 128*i - 129. Give y(1).
-38
Let p(b) = 7*b**2 - 290*b + 1767. Calculate p(34).
-1
Let t(j) = 1105301*j - 2210588. Determine t(2).
14
Let y(i) = -17*i**3 - i**2 - 65*i - 123. What is y(-2)?
139
Let x(a) = -73*a**2 + 1897*a + 37. What is x(26)?
11
Let p(b) = -b**3 - 23*b**2 - 54*b - 158. What is p(-21)?
94
Let l(z) = 5*z**2 - 146*z - 3313. Give l(-15).
2
Let o(d) = -2*d**3 + 735*d**2 + 438*d - 25666. Calculate o(368).
94
Let j(m) = -m**3 + 104*m**2 - 205*m + 51. Give j(102).
-51
Let w(b) = 8*b**3 - 207*b**2 - 9*b - 510. Give w(26).
-68
Let w(s) = -s**2 + 729*s - 20718. Give w(31).
920
Let k(w) = 25863*w + 2948388. Give k(-114).
6
Let l(d) = 15*d**3 - 3*d**2 - 276*d + 281. Give l(1).
17
Let c(q) = -392*q - 6623. Calculate c(-21).
1609
Let w(d) = -2*d**3 + 64*d**2 - 4345*d + 152358. Determine w(34).
4
Let o(q) = -q**2 - 15*q + 466. Give o(16).
-30
Let z(g) = 37*g**3 + 144*g**2 - 198*g - 751. What is z(-4)?
-23
Let z(y) = -y**3 + 1360*y**2 - 10821*y + 30. Give z(8).
-10
Let p(b) = -2*b**3 - 1120*b**2 - 977*b + 78799. Determine p(-559).
-20
Let l(z) = 2843*z - 59207. Calculate l(21).
496
Let b(j) = 1010*j + 2884. What is b(-2)?
864
Let u(n) = -n**3 + 154*n**2 + 1990*n + 344. Calculate u(166).
12
Let z(k) = 18180*k - 18210. Give z(1).
-30
Let n(t) = 15*t**2 + 653*t - 21333. Give n(22).
293
Let p(l) = -7277*l + 211082. What is p(29)?
49
Let j(o) = -9*o**3 + 242*o**2 + 48*o - 57. Give j(27).
510
Let k(x) = -338*x**2 - 114*x - 221. What is k(-2)?
-1345
Let b(h) = -1878*h + 5643. Give b(3).
9
Let r(m) = 794121*m + 15088293. What is r(-19)?
-6
Let q(s) = -3*s**3 + 873*s**2 - 46372*s - 8397. What is q(221)?
1
Let u(o) = -3*o**3 + 9*o**2 + 606*o + 2160. Determine u(-10).
0
Let a(v) = 31*v**2 + 2198*v + 2361. What is a(-70)?
401
Let d(w) = -w**2 + 15697*w + 282949. Determine d(-18).
79
Let y(u) = -u**3 + 56*u - 26. Give y(6).
94
Let x(p) = -339*p**3 - 66*p**2 + 42*p + 27. Give x(1).
-336
Let f(a) = -2*a**2 - 700*a + 31210. Calculate f(40).
10
Let g(f) = 497114*f - 12924971. Calculate g(26).
-7
Let f(k) = 12134*k - 631014. Determine f(52).
-46
Let v(s) = -11*s**2 + 213*s - 131. Calculate v(19).
-55
Let p(j) = -136*j - 1654. What is p(-13)?
114
Let v(c) = -c**3 - 402*c**2 - 3556*c - 7477. Give v(-393).
-10
Let i(w) = 184448*w - 737785. Calculate i(4).
7
Let g(n) = -330145*n + 2971118. Calculate g(9).
-187
Let g(d) = -d**2 - 2*d + 2561. Give g(-48).
353
Let w(h) = 466*h + 98850. What is w(-214)?
-874
Let y(z) = -22180*z + 510141. Calculate y(23).
1
Let p(f) = 7*f**2 - 147*f - 282. What is p(26)?
628
Let s(a) = 1556*a + 44915. Calculate s(-28).
1347
Let s(o) = 41819*o + 376430. Give s(-9).
59
Let v(y) = 93095*y - 558013. Calculate v(6).
557
Let p(c) = c**2 - 308*c + 22054. Calculate p(113).
19
Let k(g) = 15*g**2 + 130*g + 302. What is k(-4)?
22
Let p(r) = -158875*r + 1429860. Calculate p(9).
-15
Let d(y) = 4*y**2 - 353*y + 3049. Give d(78).
-149
Let v(f) = -50*f**3 + 2547*f**2 + 157*f - 221. What is v(51)?
-17
Let m(o) = -8*o**3 - 8*o**2 + 28*o + 155. Determine m(-5).
815
Let w(k) = k**3 + 39*k**2 - 346*k - 260. Give w(9).
514
Let i(g) = -10*g**2 - 596*g + 805. Determine i(-60).
565
Let l(h) = 14*h**3 + 59*h**2 + 353*h + 95. Give l(-6).
-2923
Let f(c) = 2*c**3 - 284*c**2 - 1160*c + 392. Calculate f(146).
1560
Let z(y) = -24648*y + 492990. Calculate z(20).
30
Let a(f) = 294*f - 381. Calculate a(2).
207
Let x(a) = 19465*a - 3. Determine x(0).
-3
Let w(r) = -4*r